 prime factors of t?
3, 277
Let n = -507 - -248. Let k = n + 429. What are the prime factors of k?
2, 5, 17
Suppose -9*m + 10*m - 4*p - 7354 = 0, 0 = -5*m + p + 36656. List the prime factors of m.
2, 5, 733
Let g be (1 - 1/(-1)) + 15373. What are the prime factors of ((-8)/(-20))/(30755/g - 2)?
2, 3, 5, 41
Let g(w) = 3 - 4*w + 15 + 3*w + 0*w. Let u be g(-14). Let q = u - -38. What are the prime factors of q?
2, 5, 7
Suppose 3*i + 144 = -i. Let n = 32 + i. Let q(x) = -x**2 - 11*x + 2. What are the prime factors of q(n)?
2, 3, 5
Let h = 62032 - 39075. What are the prime factors of h?
11, 2087
Let g be (-1 + 2)*-25 + -4. Let a = g - -33. Suppose y - 65 = a*l, -135 = y - 3*y + 3*l. What are the prime factors of y?
3, 23
Suppose 0 = -108*w + 102*w + 437328. What are the prime factors of w?
2, 3, 3037
Let g(k) = 2*k**2 + 12 + 3 + 11*k + 8 - k**2. Let y be g(-8). Let o(a) = -151*a**3 + 2*a + 1. List the prime factors of o(y).
2, 3, 5
Let u(h) = -2*h**2 + 14*h + 7. Let w be u(-6). Let c = w - -198. List the prime factors of c.
7
Suppose -16*y + 0*y = -80. Suppose -393 = -d - 2*o, -2*o = 3*o - y. Suppose -3*r = w - d, 6*w = -r + 2*w + 145. List the prime factors of r.
3, 43
Suppose -79 = 10*y - 29. Let p(l) = -l**2 - 3*l + 13. Let r be p(y). Suppose r*h + 1420 = 8*h. What are the prime factors of h?
2, 71
Let y = 1 - -52. Suppose 0 = 5*o - y + 298. What are the prime factors of (o/(-14))/((-1)/(-10))?
5, 7
Let l be 30/(-165) - (-2 + (-2544030)/(-33)). What are the prime factors of (l/(-325))/((-12)/(-10) + -1)?
2, 593
Let g = 275 - 613. Let j = g - -697. What are the prime factors of j?
359
Let n = -59 + 55. Let z be n*(2/4 + -1) - 0. Suppose 603 = 5*w + z*b, -b + 123 = w - 0*b. List the prime factors of w.
7, 17
Let p = -22950 + 25848. What are the prime factors of p?
2, 3, 7, 23
List the prime factors of ((-20546)/6)/((54/3)/(-54)).
10273
Let k = 298 - 169. Suppose k - 366 = -3*a. What are the prime factors of a?
79
Suppose -26921 = -23*d + 93*d - 615901. What are the prime factors of d?
2, 7, 601
Suppose -2*u + 48*q + 273 = 53*q, 3 = q. Let k(r) = 13*r + 6. Let o be k(-6). Let g = o + u. List the prime factors of g.
3, 19
Suppose 8*p - 46183 = 40796 - 18523. List the prime factors of p.
43, 199
Let a = 13074 + -1828. What are the prime factors of a?
2, 5623
Let b(z) = z + 12. Let t be b(-10). Let a(f) = 69 - t*f + 0*f - 67. What are the prime factors of a(-5)?
2, 3
Let o be (-2)/7 - (-9)/7. Let a be (-5)/((-40)/4)*-6*-5. Let b = a + o. List the prime factors of b.
2
Let s(v) = 16*v - 2. Let t(p) = -6*p + 12. Let f be t(-12). Suppose 0 = -2*l + 14*l - f. List the prime factors of s(l).
2, 5, 11
Suppose 3*r - 5*r - 21 = 5*c, 25 = 5*r - 3*c. Let d be 0 + 3/r + (-9)/6. Suppose 3*z + t = 238, 2*t + d*t = 3*z - 253. List the prime factors of z.
3
Let g(d) = 534*d**3 - 2*d**2 + 4*d - 2. Suppose 12*r - 18*r = -6. What are the prime factors of g(r)?
2, 3, 89
Suppose 3*z - 33*f + 32*f = 16799, 5*z = 2*f + 27997. What are the prime factors of z?
3, 1867
Suppose 5*f = 556 + 674. Let y be (6/(-7))/((-6)/714). Let z = f - y. List the prime factors of z.
2, 3
List the prime factors of ((144/(-168))/(12/(-21)))/((-3)/(-79718)).
23, 1733
Let q = 72 + -73. Let x(g) = -326*g - 10. What are the prime factors of x(q)?
2, 79
Let t be ((-55626)/66 - 2) + (-4)/22. Let f = t + 1279. What are the prime factors of f?
2, 7, 31
Suppose 5*r - 3908 = -3*t, 5*t - 5*r + 1296 = 6*t. Suppose -406 = 5*q - t. List the prime factors of q.
2, 3, 5
Let d = -523 + 809. Suppose -q - 2*q - 2*a = -d, -q = 5*a - 78. List the prime factors of q.
2, 7
Suppose -46*y - 73403 = -227248 - 83469. List the prime factors of y.
7, 11, 67
Let o(x) = -3*x**2 - 22*x + 35. Let f be o(-32). Let r = f + 3272. What are the prime factors of r?
3, 313
What are the prime factors of 8/22 - (-675000)/1100?
2, 307
Let l(q) = -20*q**2 - 6*q - 7. Let u be l(-3). Let a = 225 + u. What are the prime factors of a?
2, 7
Suppose c = -30 + 156. Let o be ((-22)/(-3))/((-28)/c). List the prime factors of 2/(-3) + (-2233)/o.
67
Suppose 2*l + 17 = 23. Let u(i) = 103*i - 40. List the prime factors of u(l).
269
Let y(s) = -s + 7*s + 43*s. Let x be y(4). Suppose 0*u + x = 4*u. List the prime factors of u.
7
Suppose 0 = -4*h + 7*k - 10*k + 2782, -5*k = 10. Let y = 537 + h. List the prime factors of y.
2, 617
Let d be (1/(3/(-2)))/((-12)/(-126)). What are the prime factors of 246*-3*((-35)/(-30))/d?
3, 41
Suppose 2*w + b - 34583 = -4067, -45767 = -3*w - 5*b. List the prime factors of w.
15259
Suppose 9*q = -12*b + 7*b + 122912, -4*q - b + 54630 = 0. List the prime factors of q.
2, 6829
Let x be 242/(-4)*(6 - (-42)/(-3)). Suppose -7*j + 335 = -x. List the prime factors of j.
3, 13
Let t(i) = -i**3 + 24*i**2 + 26*i - 21. Let n be t(25). Suppose -n*q = -5*m + 6138, -5*m - 3*q + 5598 = -561. What are the prime factors of m?
2, 3, 5, 41
Suppose 5*z = -40, -3*h + 128 = 8*z - 12*z. Let a(t) = 2*t - 2. Let u be a(4). Suppose h = u*r - 1210. What are the prime factors of r?
3, 23
Let k(w) be the second derivative of w**5/10 + 5*w**4/12 - 7*w**3/6 - 2*w**2 - 101*w. What are the prime factors of k(4)?
2, 11
Let l be -1 + 6 + 6*(-4)/(-12). Suppose -l*k - 20 = -12*k. Suppose 3*x = k*h - 0*x - 157, -2*x + 225 = 5*h. What are the prime factors of h?
43
Let k = 12179 - 5247. What are the prime factors of k?
2, 1733
Suppose -862921 = 63*j - 17*j - 4001869. What are the prime factors of j?
2, 3, 17, 223
Let d be ((-24)/10)/6*-130. Suppose -3*f + 5*f = d. What are the prime factors of f?
2, 13
Suppose -10046 = -2*d + 248*h - 244*h, 5035 = d - 4*h. What are the prime factors of d?
5011
Let c(j) = -8*j - 20. Let d be c(-7). Let b = -18 + d. What are the prime factors of ((-36)/27)/((-1)/b)?
2, 3
What are the prime factors of (-29016)/93*232/(-6)?
2, 13, 29
Let u be (-5838)/18 + (-1)/(-3). What are the prime factors of ((-2888)/6)/(144/u)?
3, 19
Suppose -3*y = -6, 4*r = -0*r + 2*y + 1144. List the prime factors of (7 - r/35)/((-6)/1940).
2, 97
Let m be 1/1*-1 - (-7 + 2). Suppose m*i + 3*p = 1135, -519 = -5*i - 4*p + 901. Suppose -n + i = 4*n. What are the prime factors of n?
2, 7
Let a(b) = -b**2 + 12*b + 28. Let j be a(14). Suppose -s + 245 - 57 = -q, 3*q + 4*s + 585 = j. Let r = q + 308. What are the prime factors of r?
3, 13
Suppose -1701 = 5*o + 3*y, -2*o + y + 1019 = -5*o. Let m = 542 + o. List the prime factors of m.
7, 29
Let a = -9036 + 31677. What are the prime factors of a?
3, 7547
Let x = -537 - -955. Let p = x - 187. Suppose 3*z = p + 252. What are the prime factors of z?
7, 23
Let l(h) = -h**2 + 40*h - 239. Let g be l(6). Let u(c) = 25*c. Let m be u(-2). Let p = g - m. What are the prime factors of p?
3, 5
List the prime factors of 21/14*-1174*(65/(-15) + 2).
7, 587
List the prime factors of (-43220)/(-7) - ((-30)/495 - 160/(-462)).
2, 3, 7
Let c(f) = -14*f**2 + 30*f + 30. Let n be c(-9). Let s = n + 2347. List the prime factors of s.
7, 139
Let p(r) = -6 + 2285*r + 2313*r - 4624*r. Suppose -2*t = -4*t - 2. List the prime factors of p(t).
2, 5
Let g(l) = -l + 24. Let f be g(24). Suppose -11*h + 0*h - 572 = f. Let x = h - -84. List the prime factors of x.
2
Let g = -19 + 17. Let z be (-16)/(-8)*(-107)/g. Let p = 166 - z. What are the prime factors of p?
59
Let b = 185 - 167. Suppose 0 = -2*o + 10 + b. What are the prime factors of o?
2, 7
Suppose 1647992 = 208*b - 587656 + 444144. What are the prime factors of b?
3, 11, 29
Suppose -5*y = 5*f - y - 1038, -y + 417 = 2*f. Let r = 166 + f. List the prime factors of r.
2, 47
Let p(q) be the third derivative of q**6/180 - q**5/20 - q**4 - 23*q**3/6 + 17*q**2. Let y(s) be the first derivative of p(s). List the prime factors of y(10).
2, 29
Suppose -6*k + 3*k = -v - 482, 0 = -4*k - 4*v + 616. Let l = k - 58. List the prime factors of l.
101
Suppose 15*z + 166320 = 55*z. What are the prime factors of z?
2, 3, 7, 11
Let f(z) be the second derivative of z**5/20 - 23*z**4/12 - 11*z**3/3 + 10*z**2 - 2*z - 16. List the prime factors of f(24).
2, 17
Suppose 0 = -2*o + 76 - 72. Suppose 16 = -4*b, 3*u - o*b - 607 = 2*b. List the prime factors of u.
197
Let t(m) = 37*m**2 - 192*m + 61. List the prime factors of t(-14).
73, 137
Let x(i) = -59*i - 8. Let f = 360 - 367. What are the prime factors of x(f)?
3,